 r(l) = l**3 + 20*l**2 - 123*l + 39. Determine r(-25).
-11
Let g(k) = -k**3 - 3*k**2 + 4*k. Give g(1).
0
Let g(u) = u**2 - 167*u + 3445. Give g(24).
13
Let c(q) = 3*q**2 + 138*q + 614. Calculate c(-5).
-1
Let d(g) = -3*g**3 - 7*g**2 + 3*g + 4. Calculate d(1).
-3
Let k(j) = -j**3 - 12*j**2 + 29*j + 292. Give k(-12).
-56
Let v(o) = 213*o + 205. Determine v(-1).
-8
Let o(j) = -739*j**2 - 7*j - 8. What is o(-1)?
-740
Let s(i) = -i**2 + 43*i + 242. Give s(58).
-628
Let f(k) = 2*k**3 - 55*k**2 - 26*k - 50. Determine f(28).
6
Let g(z) = -27*z + 153. What is g(7)?
-36
Let z(b) = -b**2 + 36*b + 986. Give z(52).
154
Let u(a) = -2*a**2 - 63*a - 50. What is u(-31)?
-19
Let g(p) = 171*p - 4103. What is g(24)?
1
Let g(y) = y**3 - 21*y**2 - 25*y + 41. What is g(22)?
-25
Let h(a) = 2*a**2 + 68*a + 16. Give h(-33).
-50
Let f(m) = m**3 + 6*m**2 - 55*m - 315. Calculate f(-7).
21
Let p(n) = n**2 - 11*n + 82. Give p(8).
58
Let z(h) = -h**2 - 28*h - 40. Determine z(-2).
12
Let n(r) = -4*r**2 - 54*r - 220. What is n(-9)?
-58
Let n(m) = m**3 - 30*m**2 + 53*m + 132. Give n(28).
48
Let f(n) = 16*n**2 - 1333*n + 112. Calculate f(83).
-303
Let l(k) = -k - 55. Give l(-47).
-8
Let p(a) = -22*a**3 + 6*a**2 - 4*a - 5. Calculate p(-1).
27
Let k(m) = -m**2 + 18*m - 12. Give k(18).
-12
Let v(k) = -11*k - 61. Determine v(-18).
137
Let l(i) = 201*i + 838. Calculate l(-4).
34
Let i(d) = 9*d + 102. Determine i(-16).
-42
Let z(j) = -6*j**2 + 13*j + 33. Give z(-2).
-17
Let b(x) = -10*x**2 + 402*x - 76. What is b(40)?
4
Let a(n) = 55*n + 4995. Give a(-91).
-10
Let g(z) = -100*z - 2700. What is g(-27)?
0
Let g(s) = 7*s + 19. What is g(-16)?
-93
Let p(a) = -a**3 - 77*a**2 - 74*a + 157. Determine p(-76).
5
Let a(d) = -d**3 - 12*d**2 + 10*d + 97. Determine a(-10).
-203
Let n(t) = 26*t**2 - 29*t + 30. Give n(1).
27
Let v(n) = 402*n + 9226. Determine v(-23).
-20
Let k(g) = g**2 - 134*g + 1103. Determine k(8).
95
Let g(q) = 28*q**3 + q**2 + q - 2. What is g(1)?
28
Let q(w) = w**2 - 93*w + 1152. Calculate q(14).
46
Let h(d) = 2*d**2 + 112*d + 1562. Determine h(-27).
-4
Let z(w) = 23*w + 269. Calculate z(-13).
-30
Let g(x) = -96*x + 3298. Give g(34).
34
Let f(w) = -3272*w - 209411. Calculate f(-64).
-3
Let w(g) = -g**3 + 67*g**2 + 207*g + 260. Determine w(70).
50
Let n(q) = 227*q**2 - 902*q - 10. Determine n(4).
14
Let r(m) = -2044*m - 157374. Determine r(-77).
14
Let s(q) = -2*q**2 + 27*q - 17. Give s(10).
53
Let g(w) = -15*w**2 - 40*w - 40. Calculate g(-1).
-15
Let t(u) = 464*u + 463. Determine t(-1).
-1
Let j(c) = c**3 - 8*c**2 - 36*c - 13. What is j(12)?
131
Let c(r) = 116*r - 49. Give c(5).
531
Let h(b) = b**3 - 30*b**2 + 31*b - 125. Give h(29).
-67
Let x(o) = o**3 - 12*o**2 + 29*o - 2. Determine x(10).
88
Let b(m) = -3*m**2 - 60*m - 246. Calculate b(-14).
6
Let g(a) = -2371*a + 45054. Give g(19).
5
Let g(i) = i**3 - 11*i**2 - 20*i + 5. Calculate g(11).
-215
Let l(g) = 3*g**2 + 77*g - 98. What is l(-27)?
10
Let t(q) = -433*q - 225. What is t(0)?
-225
Let q(k) = -k**3 + 20*k**2 + 380*k + 126. Calculate q(32).
-2
Let m(a) = 120*a - 18934. Give m(158).
26
Let h(x) = -x**3 - 6*x**2 - 2259*x - 4498. Give h(-2).
4
Let n(p) = 5*p**3 - 171*p**2 + 32*p - 15. Determine n(34).
-83
Let a(c) = -c**3 - 22*c**2 - 11*c + 47. Calculate a(-22).
289
Let o(q) = -9*q**2 + 13*q + 3. What is o(2)?
-7
Let l(t) = -1547*t**2 + 6189*t + 3. Give l(4).
7
Let i(s) = -2*s**3 - 55*s**2 - 31*s - 86. Give i(-27).
22
Let y(t) = -t**2 - 27*t - 10. Calculate y(-34).
-248
Let z(q) = -q**3 - 30*q**2 - 69*q - 1080. Give z(-29).
80
Let t(o) = o**2 - 18*o + 101. Calculate t(9).
20
Let t(h) = -22*h**3 - 3*h**2 + 13*h - 6. Calculate t(2).
-168
Let q(o) = o**3 + 4*o**2 - 5*o + 27. Determine q(-6).
-15
Let g(x) = 36*x**2 + 6*x - 5. Determine g(1).
37
Let n(j) = 2476*j + 49525. Give n(-20).
5
Let g(z) = 2*z**3 + 121*z**2 - 633*z + 6. Calculate g(5).
116
Let m(x) = 13*x**2 + 108*x - 34. Give m(-9).
47
Let m(u) = -7*u**2 + 488*u + 487. Determine m(-1).
-8
Let m(y) = -y**2 - 153*y - 5814. Calculate m(-68).
-34
Let r(l) = -919*l + 11994. Determine r(13).
47
Let c(q) = -22*q**2 + 31*q + 225. What is c(-5)?
-480
Let s(p) = -2*p**2 - 126*p - 1016. Calculate s(-54).
-44
Let u(n) = 230*n - 1296. Give u(6).
84
Let c(b) = b**2 - 168*b + 2292. Give c(15).
-3
Let l(s) = -9*s + 314. What is l(64)?
-262
Let r(u) = 13013*u + 26011. Determine r(-2).
-15
Let t(o) = 100*o + 16. Give t(-2).
-184
Let p(y) = -y**2 + 48*y - 151. Give p(44).
25
Let q(a) = a**2 + 23*a - 397. Calculate q(12).
23
Let s(y) = -y**3 + 18*y**2 - 106*y + 92. Determine s(7).
-111
Let y(b) = 21*b - 1545. Give y(76).
51
Let p(j) = 4*j**2 + 119*j + 262. What is p(-28)?
66
Let f(c) = -248*c + 5749. Determine f(23).
45
Let i(u) = 3*u**3 - 38*u**2 + 74*u - 208. Determine i(11).
1
Let l(f) = -19*f + 120. What is l(16)?
-184
Let z(v) = -v**3 + 3*v**2 - 8*v + 50. What is z(4)?
2
Let j(z) = -283*z + 274. Determine j(1).
-9
Let l(o) = -o**3 + 50*o**2 - 137*o - 190. What is l(47)?
-2
Let d(i) = 287*i + 4048. Give d(-14).
30
Let i(c) = 17*c - 32. What is i(4)?
36
Let t(p) = 34*p**2 + 135*p + 16. Determine t(-5).
191
Let b(a) = 5*a**3 - 29*a**2 - 6*a + 6. What is b(6)?
6
Let o(b) = -200*b - 3213. Calculate o(-16).
-13
Let g(l) = 5*l**3 + 5*l**2 - 4*l - 3. What is g(-1)?
1
Let d(q) = 23*q - 400. What is d(14)?
-78
Let m(s) = -s**2 - 118*s - 1351. Calculate m(-13).
14
Let r(q) = -2*q - 102. Give r(-18).
-66
Let p(r) = -74*r - 4018. Give p(-55).
52
Let a(d) = -d**3 + 4*d**2 - 42. What is a(6)?
-114
Let t(n) = -3*n**2 + 219*n + 4. Determine t(0).
4
Let g(j) = 15225*j + 2. Calculate g(0).
2
Let c(p) = 3*p + 505. Calculate c(-78).
271
Let p(w) = -w**2 - 34*w + 81. Determine p(3).
-30
Let q(k) = 17*k**3 - 4*k**2 + 7*k - 4. Determine q(1).
16
Let b(c) = 10*c**2 + 21*c - 207. Give b(-6).
27
Let i(k) = 53*k - 33. Give i(-4).
-245
Let z(i) = -i**3 - 23*i**2 - 114*i - 5. Determine z(-5).
115
Let s(y) = -y**3 - 70*y**2 + 457*y + 49. Determine s(-76).
-27
Let l(k) = -12*k**2 - 1364*k - 880. Give l(-113).
24
Let g(v) = v**2 + 336*v - 1011. What is g(3)?
6
Let o(d) = 9*d + 86. Calculate o(-19).
-85
Let z(p) = -549*p + 2201. Give z(4).
5
Let z(p) = p**3 - 20*p**2 + 46*p - 576. Give z(19).
-63
Let s(c) = 3*c**2 + 13*c - 3. What is s(-5)?
7
Let f(b) = 3*b**3 + 45*b**2 - 10*b - 1147. Calculate f(-13).
-3
Let o(t) = -35*t + 127. Calculate o(5).
-48
Let z(y) = -y**3 - 67*y**2 + 207*y - 134. What is z(-70)?
76
Let z(i) = 3*i**3 + 30*i**2 + 11*i + 2. Give z(-9).
146
Let p(k) = -59*k + 934. What is p(16)?
-10
Let m(n) = -339*n**2 + 22*n - 63. What is m(2)?
-1375
Let u(g) = g**3 - 17*g**2 - 64*g + 102. Give u(20).
22
Let h(c) = c**3 - 18*c**2 - 37*c - 43. Give h(20).
17
Let r(x) = -1971*x + 5906. Give r(3).
-7
Let q(f) = 2*f**2 + 60*f - 3126. Give q(27).
-48
Let r(v) = 1547*v + 6230. Give r(-4).
42
Let o(c) = -c**3 - 167*c**2 - 2143*c - 13. What is o(-14)?
1
Let m(a) = -2*a**3 - 7*a**2 + 20*a + 89. Give m(-3).
20
Let t(v) = -v**3 + 2*v**2 - 120*v - 405. Determine t(-3).
0
Let p(c) = 2*c**2 - 9*c - 33. Calculate p(0).
-33
Let r(a) = -a**2 - 8*a - 9. What is r(-9)?
-18
Let y(a) = 12*a + 281. Determine y(-12).
137
Let q(f) = 10*f**3 - 11*f**2 + 16*f - 4. What is q(1)?
11
Let g(y) = 2*y**3 + 3*y + 5. Give g(2).
27
Let s(m) = m**3 + 26*m**2 - 16*m + 286. Determine s(-27).
-11
Let s(a) = 67*a**2 - 2478*a - 32. Give s(37).
5
Let d(b) = -b**2 + 62*b - 614. Determine d(32).
346
Let q(k) = -k**3 - 41*k**2 - 410*k - 173. What is q(-16)?
-13
Let t(f) = -21*f**2 + 292*f + 17. Calculate t(14).
-11
Let q(s) = -s**3 + 67*s**2 - 982*s - 368. Calculate q(45).
-8
Let q(x) = -11*x**2 + 93*x + 15. Give q(9).
-39
Let y(s) = -4*s**2 - 11*s - 138. Give y(-14).
-768
Let i(k) = 4299*k - 2. Give i(0).
-2
Let i(f) = -2*f**2 + 2*f + 4. Give i(-8).
-140
Let c(l) = -263*l + 1141. Determine c(10).
-1489
Let i(q) = q**3 + 60*q**2 + 163*q + 2738. What is i(-58)?
12
Let y(l) = 361*l + 2916. Give y(-8).
28
Let v(u) = 8*u + 157. What is v(-35)?
-123
Let i(y) = -2*y**2 - 19*y + 115. Give i(7).
-116
Let p(z) = -3*z**3 - 193*z**2 + 75*z + 8893. Determine p(-64).
-3
Let p(o) = -3*o**2 + 85*o - 188. Give p(26).
-6
Let g(d) = -83*d - 1152. Give g(-14).
10
Let n(b) = 36*b - 3592. Give n(111).
404
Let i(x) = -4*x**3 + 185*x**2 - 53*x + 315. What is i(46)?
-7
Let